Let z(v) = -9*v + 13. Let l be z(-3). Calculate the greatest common divisor of l and 20.
20
Let n(u) = 3*u - 1. Let i be n(6). Suppose 76 - 8 = 4*m. Calculate the greatest common factor of m and i.
17
Suppose b = 5*o - 49, b + 49 = 4*o - 5. Let d be b/(-8) - (-1)/(-4). Suppose 4*h + d = 49. Calculate the highest common factor of 60 and h.
10
Let m = 3 - 1. Suppose 2*n - m - 2 = 0. Suppose 2*v = 4*l + 10, -4*v + n*l - 4*l = -20. Calculate the greatest common divisor of 35 and v.
5
Let g be 137 + (2 - 2) + -2. Let y = 19 - 4. Calculate the highest common divisor of y and g.
15
Let n = 138 - 92. What is the greatest common factor of 115 and n?
23
Suppose a - 5*c = 20, c = 3*a - 7*a + 17. Let p be 4*(3 + (-7)/2). Let b = a - p. What is the greatest common factor of 7 and b?
7
Suppose -5*n + 9*n - 3*x = 78, n + x = 16. What is the greatest common divisor of 126 and n?
18
Let d = 211 - 200. Calculate the highest common factor of 11 and d.
11
Suppose -4*l + 40 = 4*p, 5*l - 3*p - 25 = 1. What is the highest common divisor of 77 and l?
7
Let m = 48 - -50. Let d = -42 + m. Calculate the greatest common divisor of 14 and d.
14
Suppose -1 = v - 3. Let r(y) = -2*y + 0*y**2 + 3*y**2 - 2*y**2 - 5. Let g be r(4). Calculate the highest common divisor of v and g.
1
Let b(q) = q + 8. Let d be b(-6). Let w be -1 + 4/5 - 510/(-50). What is the greatest common divisor of d and w?
2
Let q be 2/4 - (-36)/8. Suppose 3*u - 14 + q = 0. Let i = 7 - u. Calculate the highest common factor of i and 28.
4
Let k = 27 + -62. Let b be 5/k - (-442)/7. What is the greatest common factor of 7 and b?
7
Suppose -3*w = -2*k + 11, 20 = -4*w + 3*k + k. Let r be -3*w/9*-3. Let d be 1 - r - (-1 - 8). What is the greatest common factor of d and 1?
1
Let z(u) = 3*u + 4. Let g be z(3). Let c = -8 + g. Let l = 7 - c. Calculate the greatest common factor of 14 and l.
2
Let f(w) = -w + w + 40 - w. Let g be f(0). Calculate the greatest common divisor of 10 and g.
10
Suppose 0 = -2*q + 5*k + 34, 0 = -5*k + 4*k - 2. Calculate the greatest common divisor of q and 18.
6
Let x = -25 - -38. Calculate the highest common divisor of 26 and x.
13
Suppose k + 2*z - 1 = 4, -4*k + 32 = 2*z. Calculate the greatest common factor of 81 and k.
9
Suppose 2 + 13 = 3*x. Let o(k) = 5*k + 4*k - x*k. Let q be o(1). What is the greatest common divisor of q and 4?
4
Suppose s - 16 - 8 = 0. What is the highest common divisor of s and 36?
12
Let t be 2*(-7)/((-126)/99). Let z(v) = 10*v**2 + 3*v - 4. Let u be z(-3). What is the highest common divisor of t and u?
11
Let f be ((-45)/6)/((-3)/6). Let c be f/4 + (-6)/(-24). Suppose -c*x + 48 = -0*x. What is the highest common factor of 48 and x?
12
Suppose 0 = 2*j - 9 + 3. Let x = 4 - -14. Calculate the highest common factor of x and j.
3
Let f be (-2)/6*(-1 + -5). Suppose -j = -f*j + 23. What is the greatest common divisor of j and 23?
23
Let c = 69 - -11. Calculate the highest common divisor of c and 8.
8
Suppose -2*z + 4*r + 124 = 0, 4*z - r - 228 - 48 = 0. What is the greatest common divisor of z and 10?
10
Suppose q + 11 = -7. Let z be (21/(-1))/(q/12). Calculate the greatest common divisor of z and 154.
14
Suppose 3*r = 5*x + 23, -8*r + 3*r + 1 = x. Let z be (-105)/(-3) + 1/r. What is the highest common divisor of 9 and z?
9
Suppose -5*p + 75 = -0*p. Let o = p - 11. Suppose -z - 45 = -3*m - 4*z, -60 = -o*m - 3*z. Calculate the greatest common factor of m and 165.
15
Let i(x) = -x**2 - 6*x + 4. Let a be i(-6). Let o(t) = 14*t - 5. Let p be o(a). What is the highest common factor of p and 17?
17
Suppose -8 = j - 117. Let q = j + -61. Calculate the greatest common divisor of 6 and q.
6
Let a = 32 - 19. What is the highest common factor of a and 52?
13
Let y(a) = 2*a - 3. Let v be y(2). Let b be v + 142/2 + -2. Calculate the highest common factor of b and 28.
14
Let n(s) = -s**3 + 2*s**2 + 3*s. Let i be n(-2). Let p(z) = -z**3 - 23*z**2 + 22*z + 42. Let r be p(-24). What is the greatest common divisor of i and r?
10
Let c be (10/(-4) + 3)*-2. Let w be (-240)/(c - 3) - 3. What is the highest common factor of 19 and w?
19
Suppose 0*p + 2*p = 0. Suppose v = 5*j - 16, -j = 2*v - p - 1. Suppose f + 108 = j*f. Calculate the highest common divisor of 6 and f.
6
Let k(d) = d**3 - 2*d**2 - 4*d - 5. Let h be k(4). Calculate the greatest common factor of 11 and h.
11
Let p be 2/(-5) + 176/(-10). Let b be 4 - 2 - 0 - p. What is the greatest common factor of b and 5?
5
Let w be (-2 + 4)/((-4)/8). Let v(c) = 3*c**2 - 3 - 3*c - 3*c + c**3 + 0*c**2 + 0*c**2. Let b be v(w). Calculate the greatest common factor of 5 and b.
5
Suppose -2*d + 4*p = 3*p - 36, -d - 2*p + 8 = 0. Let a be -4*-1*308/7. Calculate the greatest common factor of d and a.
16
Suppose 5*q = -2*l + 279, -168 = -0*q - 3*q - l. Suppose -2*x + 87 = -4*u - q, 336 = 5*x + 2*u. What is the greatest common divisor of 17 and x?
17
Let p(s) be the second derivative of -s**5/20 - 2*s**4/3 - s**3/2 - 3*s**2/2 + 2*s. Let b be p(-8). What is the highest common factor of 63 and b?
21
Let n = -4648 + 2504. Let m be n/24*3/(-2). Suppose -3*k = -m + 8. What is the highest common divisor of k and 6?
6
Let l = 22 + -6. Let z(u) = -u + 9. Let q be z(4). Suppose -q*n = 181 - 821. Calculate the highest common divisor of l and n.
16
Let b(s) = s**3 - 8*s**2 + 6*s + 8. Let w be b(7). Calculate the greatest common divisor of w and 8.
1
Suppose -12 = 4*x - 7*x. Suppose 4*l - 84 = -4*m, 2*m - l = -0*l + 27. What is the greatest common factor of x and m?
4
Let d(q) = q**3 - 6*q**2 + q + 6. Let s be d(6). Let b = -70 - 1. Let u = 167 + b. What is the greatest common factor of u and s?
12
Suppose -3*y + 33 = -6*r + 10*r, 3*y - 9 = 0. What is the greatest common factor of 42 and r?
6
Suppose 136*h = 140*h - 16. What is the greatest common factor of 8 and h?
4
Suppose 0*l = -r + 2*l - 3, -r - 5*l + 32 = 0. What is the highest common divisor of 14 and r?
7
Let n = -104 - -160. What is the greatest common divisor of n and 7?
7
Let n = 6 + -30. Let m = n + 15. Let b be (6/m)/((-2)/33). Calculate the highest common divisor of 121 and b.
11
Suppose 9*n = -83 + 227. What is the greatest common divisor of n and 112?
16
Suppose -5*d = -0*d. Suppose 33 = y + 3*l, 3*y + l = -d*y + 67. Calculate the highest common divisor of 189 and y.
21
Let j be (1 + 29/(-5))*-10. Suppose 0 = -3*m + 5*m - 8. Suppose m*k = -2*d + 44, 2*k + 11 = 2*d - 3. Calculate the highest common factor of j and d.
12
Suppose 0*f - 28 = -2*f. Let h = 17 + 53. Calculate the highest common divisor of h and f.
14
Let i(x) = -x**2 + 9*x - 5. Let p be i(8). Suppose -p*r - 3 - 3 = 0. Let g be (r + 29)/((-1)/(-3)). Calculate the greatest common divisor of 9 and g.
9
Suppose -4*q = 4, 3*q + 27 = x - 0. Calculate the highest common factor of x and 192.
24
Suppose 2*a = a + 1. Let w = 13 + 7. Suppose d - w = -4*d. Calculate the greatest common factor of a and d.
1
Suppose 2*k - 13 = k - 5*p, k + 4*p - 11 = 0. Suppose k*i + 12 = 4*i. Calculate the highest common divisor of 24 and i.
12
Let b = 15 + -10. Let l be (0 - -1)/(-3 + 4). What is the greatest common factor of b and l?
1
Let o(s) = -16*s + 37. Let g be o(-8). Calculate the highest common divisor of 66 and g.
33
Let f be ((-12)/(-10))/((-1)/5). Let o = f - -18. Let g = -26 + 38. What is the highest common divisor of o and g?
12
Let a = -1 - 5. Let r be (16 + -1)*a/(-15). Suppose -3*c + 2*v = 6*v - 142, -4*v = c - 34. Calculate the greatest common factor of c and r.
6
Let c be (-5 - -3) + 3 + -1. Suppose c*q = 2*q - 68. What is the greatest common factor of q and 17?
17
Let z(p) = 2*p**3 - 20*p - 3*p**3 + 29*p + 4 + 7*p**2. Let t be z(8). Calculate the highest common divisor of 60 and t.
12
Suppose -2*w - 39 = -5*w. Let d(i) = i**2 + 9*i - 8. Let u be d(7). What is the highest common divisor of u and w?
13
Suppose 0 = -4*d + 2*a - 8, 4*d - 4*a + 24 = -6*a. Let q = 36 + d. What is the highest common factor of q and 16?
16
Let f = -2 - 1. Let l be 6/(-2)*8/f. Suppose -135 = -5*z - 11*d + 6*d, -15 = -5*d. Calculate the highest common factor of l and z.
8
Suppose y = 2*y + 1. Let l be (5/y)/(10/(-30)). Let r(p) = p**3 + 6*p**2 - p - 3. Let g be r(-6). Calculate the highest common divisor of g and l.
3
Let s = 5 + -2. Let w(l) = l**2 - l + 3. Let q be